{"id":2,"date":"2023-07-18T02:24:24","date_gmt":"2023-07-18T00:24:24","guid":{"rendered":"https:\/\/jonathanlouvel.fr\/?page_id=2"},"modified":"2024-12-17T14:53:23","modified_gmt":"2024-12-17T13:53:23","slug":"page-d-exemple","status":"publish","type":"page","link":"https:\/\/jonathanlouvel.fr\/?page_id=2","title":{"rendered":"\u00c0 propos"},"content":{"rendered":"\n<p>Il y a dix ans, je d\u00e9butais enfin le m\u00e9tier de mes r\u00eaves en tant que Policier Municipal. J\u2019avais pr\u00e9par\u00e9 ce concours avec passion que je nourrissais au quotidien. Je sers d\u00e9sormais cette profession avec fiert\u00e9 et passion, tourn\u00e9 vers l\u2019humain.<\/p>\n\n\n\n<p>L\u2019ann\u00e9e 2019-2020 f\u00fbt une p\u00e9riode de reconsid\u00e9ration pour beaucoup et je n\u2019ai pas \u00e9chapp\u00e9 \u00e0 ce bouleversement.<\/p>\n\n\n\n<p>Quand survint un accident en intervention, m\u2019ayant bloqu\u00e9 quatre mois \u00e0 domicile. C\u2019\u00e9tait la premi\u00e8re vague du confinement. Je me suis alors recentr\u00e9 sur mes valeurs, mes besoins, mon avenir, ma carri\u00e8re. Mes proches m\u2019ont souvent r\u00e9p\u00e9t\u00e9 : \u00ab\u00a0Jonathan, tu es un coach\u00a0\u00bb. Et je m&rsquo;y reconnaissais bien. Tout \u00e9tait align\u00e9 pour d\u00e9buter une nouvelle saison : ma disponibilit\u00e9 mentale, mes finances, mon temps.<\/p>\n\n\n\n<p>Paralellement \u00e0 mon travail, j\u2019ai donc d\u00e9but\u00e9 un processus de formation au m\u00e9tier de Coach Professionnel aupr\u00e8s d\u2019un organisme reconnu et r\u00e9f\u00e9rent dans le monde du coaching francophone (l\u2019Institut de Coaching International de Gen\u00e8ve) afin d\u2019exercer cette nouvelle profession en toute l\u00e9gitimit\u00e9.<\/p>\n\n\n\n<p>Je suis d\u00e9sormais Coach Professionnel certifi\u00e9, et Praticien Coach PNL (Programmation Neurolinguistique).<\/p>\n\n\n\n<p>Je crois que la vie est trop courte pour oser s\u2019ennuyer. Et je crois qu\u2019on ne fait jamais mieux quelque-chose que lorsqu\u2019on est en est passionn\u00e9.<\/p>\n\n\n\n<p>Je suis d\u2019autant plus tourn\u00e9 vers l\u2019humain, mais d\u00e9sormais, au service de votre r\u00e9ussite.<\/p>\n","protected":false},"excerpt":{"rendered":"<p>Il y a dix ans, je d\u00e9butais enfin le m\u00e9tier de mes r\u00eaves en tant que Policier Municipal. J\u2019avais pr\u00e9par\u00e9 ce concours avec passion que je nourrissais au quotidien. Je sers d\u00e9sormais cette profession avec fiert\u00e9 et passion, tourn\u00e9 vers l\u2019humain. L\u2019ann\u00e9e 2019-2020 f\u00fbt une p\u00e9riode de reconsid\u00e9ration pour beaucoup et je n\u2019ai pas \u00e9chapp\u00e9 [&hellip;]<\/p>\n","protected":false},"author":1,"featured_media":142,"parent":0,"menu_order":0,"comment_status":"closed","ping_status":"open","template":"","meta":{"om_disable_all_campaigns":false,"_monsterinsights_skip_tracking":false,"_monsterinsights_sitenote_active":false,"_monsterinsights_sitenote_note":"","_monsterinsights_sitenote_category":0,"_uf_show_specific_survey":0,"_uf_disable_surveys":false,"footnotes":""},"class_list":["post-2","page","type-page","status-publish","has-post-thumbnail","hentry"],"aioseo_notices":[],"_links":{"self":[{"href":"https:\/\/jonathanlouvel.fr\/index.php?rest_route=\/wp\/v2\/pages\/2","targetHints":{"allow":["GET"]}}],"collection":[{"href":"https:\/\/jonathanlouvel.fr\/index.php?rest_route=\/wp\/v2\/pages"}],"about":[{"href":"https:\/\/jonathanlouvel.fr\/index.php?rest_route=\/wp\/v2\/types\/page"}],"author":[{"embeddable":true,"href":"https:\/\/jonathanlouvel.fr\/index.php?rest_route=\/wp\/v2\/users\/1"}],"replies":[{"embeddable":true,"href":"https:\/\/jonathanlouvel.fr\/index.php?rest_route=%2Fwp%2Fv2%2Fcomments&post=2"}],"version-history":[{"count":2,"href":"https:\/\/jonathanlouvel.fr\/index.php?rest_route=\/wp\/v2\/pages\/2\/revisions"}],"predecessor-version":[{"id":141,"href":"https:\/\/jonathanlouvel.fr\/index.php?rest_route=\/wp\/v2\/pages\/2\/revisions\/141"}],"wp:featuredmedia":[{"embeddable":true,"href":"https:\/\/jonathanlouvel.fr\/index.php?rest_route=\/wp\/v2\/media\/142"}],"wp:attachment":[{"href":"https:\/\/jonathanlouvel.fr\/index.php?rest_route=%2Fwp%2Fv2%2Fmedia&parent=2"}],"curies":[{"name":"wp","href":"https:\/\/api.w.org\/{rel}","templated":true}]}}